= -5*n. Suppose -5490 - 430 = -n*v. Let m = v + -384. List the prime factors of m.
2, 13
Let l(r) = -385*r - 3. Let d be l(1). Let b = -109 - d. Suppose 0 = 3*g + u - b, 2*u - 48 - 40 = -g. What are the prime factors of g?
2, 47
Let t(g) = 16*g**2 + 9*g + 19. Let z(l) = -4*l**2 - 2*l - 5. Let p(k) = -2*t(k) - 9*z(k). Suppose 0 = 4*u - 168 + 148. What are the prime factors of p(u)?
107
Let h(t) be the first derivative of -2*t**2 + 2*t - 11. Let n be h(8). Let g = n + 65. List the prime factors of g.
5, 7
Let z(l) = 15*l - 86. Let f be z(6). Suppose c = 2*h - 3, 0 = -f*h - 4*c - 0*c. List the prime factors of ((h - 3) + -133)*-1.
3, 5
Let s(j) = -j**2 - 2*j - 26. Let c be s(0). Let f = 372 + -280. What are the prime factors of (f - 0)*(27 + c)?
2, 23
Let l(a) = a**3 + 8*a**2 + 3*a + 101. Let k be l(-9). Let v(g) = g**3 + 13*g**2 - 8*g + 1. What are the prime factors of v(k)?
3, 13
Let d be -2*(2105/(-10) - -6). Let c = -185 + d. What are the prime factors of c?
2, 7
Let m(p) = -718*p + 10129. List the prime factors of m(-51).
46747
What are the prime factors of (-32441)/(65/(-70) + (-35)/490)?
32441
Suppose y - 1539 - 1350 = 4*m, -3*y - 3*m + 8652 = 0. List the prime factors of y.
5, 577
Suppose -3*v + 19068 + 12147 = 0. List the prime factors of v.
5, 2081
Suppose -11*d = -2*b - 10*d + 8860, 0 = -2*b + 2*d + 8854. What are the prime factors of b?
11, 13, 31
Suppose 4*y + 9*i = 13*i + 2872, 4*y - 2878 = 2*i. Let c = y - 405. What are the prime factors of c?
2, 79
Let r(i) = -8*i - 81. Let g be r(-17). Suppose 0 = -35*a + g*a - 9040. What are the prime factors of a?
2, 113
List the prime factors of 1689303/132 + (-3)/8*2.
67, 191
Let h(m) = -52*m**3 - 3*m**2 - 32*m - 10. List the prime factors of h(-4).
2, 1699
Let y = 40 + -43. Let p be (-3)/(-1) + y - -8. What are the prime factors of (-2070)/(-34) - p/(-68)?
61
Suppose 0 = 3*c - 3*w - 17313, 0 = -5*c + 11*c + 2*w - 34610. What are the prime factors of c?
3, 641
Let w(y) = 5*y**2 + 27*y + 17. Let q(f) = f**2 + 5*f + 3. Let p(g) = 11*q(g) - 2*w(g). Suppose -h - 2*h - 18 = 0. What are the prime factors of p(h)?
29
Let g(a) = a + 4. Let u(k) = 4. Let l(o) = 4*g(o) - 5*u(o). Let y be l(2). Suppose -y*m + 0*m - j = -347, -357 = -4*m + j. List the prime factors of m.
2, 11
Suppose -458*b - 7358 = -r - 459*b, 3 = -b. What are the prime factors of r?
17, 433
List the prime factors of (-184)/5796 - (-79382)/63.
2, 3, 5, 7
Suppose -3*p - 102 = 2*g, 5*p = 8*g - 3*g + 205. Let b = g + 262. Suppose -b = -0*w - w. What are the prime factors of w?
7, 31
Let y(o) = -29 - 30 + 18*o + 57. Let j(f) = f + 7. Let u be j(-6). List the prime factors of y(u).
2
Let s(f) be the second derivative of -f**5/20 - 5*f**4/2 - 53*f**3/6 - 30*f**2 + 20*f. List the prime factors of s(-29).
2, 3, 53
Let c = 8755 - 237. What are the prime factors of c?
2, 4259
Suppose 11*v + 86 = 31. What are the prime factors of v/(75/220)*-3?
2, 11
Let s be (110/4)/(-3 + 42/12). Let w = s + -39. Let b = w - -93. List the prime factors of b.
109
Let p be -3*2/(10/(-75)). List the prime factors of (134250/p)/5*(-6)/(-4).
5, 179
Suppose 14127 = -28*x - 3429. Let s = x + 924. What are the prime factors of s?
3, 11
Let w(m) = -4*m**3 - 114*m**2 + 62*m - 95. List the prime factors of w(-34).
3, 29, 89
Let v(j) = -30*j - 74. Let s be v(-24). Let i = s - 284. What are the prime factors of i?
2, 181
Let j be (-169)/(-9) + 61/(-9) + 7. Suppose -12*b + 17298 = j*b. What are the prime factors of b?
2, 3, 31
Let w be (24/28)/(5/(210/9)). Suppose -w*z + 819 = x, 0 = 9*x - 13*x + z + 3191. What are the prime factors of x?
17, 47
Let s(a) = -a**3 - 4*a**2 - 7*a - 9. Let m be s(-5). Let c = m - -844. What are the prime factors of c?
5, 179
Suppose 5*z + 4*m = 27046, -m + 2892 + 2518 = z. List the prime factors of z.
2, 3, 17, 53
Let t(m) = m**2 + 20*m - 9. Let s be t(-15). Let k = -47 - s. Suppose 75 = 42*z - k*z. List the prime factors of z.
3, 5
Suppose -5*z + 10*z = 20. Suppose 5*i = -3*a, z*a + 4*i = 7*i + 29. Suppose f + 0*w - 135 = 3*w, 3*w + 615 = a*f. What are the prime factors of f?
2, 3, 5
Let f = -3731 + 6730. Suppose f = 7*o - 4148. What are the prime factors of o?
1021
Let n(f) = f**2 + 76*f + 3397. List the prime factors of n(-79).
2, 23, 79
Let b = -8848 + 14471. List the prime factors of b.
5623
Let y(d) be the first derivative of d**4/4 + 3*d**3 + 6*d**2 - 17*d - 1. Let k be y(-7). What are the prime factors of ((-80)/k)/((-46)/(-69))?
2, 5
Let t(k) = -265*k + 51. Let s(x) = -794*x + 150. Let a(v) = -3*s(v) + 10*t(v). What are the prime factors of a(-2)?
2, 149
Suppose 30*d - 33*d - 76361 = -22*d. List the prime factors of d.
4019
Suppose -k - 9*k + 9010 = 0. Suppose -5*r + 3*m = -k, 4*r - 5*m = r + 531. Suppose 2*i - 80 = r. List the prime factors of i.
131
Suppose 4*k - 32 = -2*p + 4, 17 = -p + 5*k. What are the prime factors of 4/p*-12 - -234?
2, 3, 19
Suppose 0 = 2*k + 7*y - 5*y - 12, 3*k - 10 = 5*y. Suppose -2*a + 9*t = k*t - 202, 4*t - 162 = -2*a. List the prime factors of a.
7, 13
Let p = -10178 - -17093. List the prime factors of p.
3, 5, 461
What are the prime factors of 4/7 - (-1 - (-191790)/(-42))?
2, 571
Let t = 2088 - 847. Let w = t + -777. List the prime factors of w.
2, 29
Let d(p) = -p**3 - 3*p**2 + p. Let r be d(2). Let i be (-216)/(-28) - (r/14 + 1). Suppose i*n = 2*n + 198. List the prime factors of n.
3, 11
Suppose 58*y - 975810 = 33*y - 85*y. What are the prime factors of y?
3, 2957
Let r(y) = y**3 - 2*y**2 + 2*y - 4. Let b be r(2). Suppose b*u + 582 = 6*u. List the prime factors of u.
97
Suppose 14*w + 6753 = 17785. Let z = 113 + w. What are the prime factors of z?
17, 53
Let x(b) = -b**2. Let s(r) = 376*r**3 - 7*r**2 - 4*r - 3. Let t(c) = -s(c) + 6*x(c). What are the prime factors of t(-1)?
2, 47
Let i(k) = 3*k**2 + 2*k + 1. Let g be i(-1). Let j be (17/(-2))/(g/(-4)). Let x = j + -6. List the prime factors of x.
11
List the prime factors of -8 + 414/36*(259 + 1).
2, 3, 7, 71
Let z = 41 - 38. Suppose u - z = 2. Suppose u*m + 0*w = 2*w + 181, 4*m + 2*w - 152 = 0. What are the prime factors of m?
37
Let j(q) = -12*q + 87. Let l be j(13). Let c = 87 + l. List the prime factors of c.
2, 3
Let r be 5868*(8 - (-176)/(-24)). Suppose -23*v + 25*v - 2*g - r = 0, 2*v - g = 3913. What are the prime factors of v?
19, 103
Let z(q) = -22*q**3 + 7*q**2 + 32*q + 126. List the prime factors of z(-7).
3, 7, 53
Suppose 0 = 17424*u - 17423*u - 3370. List the prime factors of u.
2, 5, 337
Let r be 2*(-6)/(-4) - -2. Let f(c) = 3*c**3 + 18*c + 1. What are the prime factors of f(r)?
2, 233
Let v be 2/((4 - 5)/((-1)/(-2))). Let k = v - -8. Suppose -800 = 3*a - k*a. What are the prime factors of a?
2, 5
Suppose 4*s + 0*f + 2*f - 52 = 0, -5*f = -2*s + 50. Suppose 4*r = -r + s. Suppose 483 = 4*d + r*d. List the prime factors of d.
3, 23
Suppose 4088 = 6*r - 706. Let c = r - -122. List the prime factors of c.
3, 307
Let g(o) = -2 - o**2 + 0*o**2 - 13*o**3 - 1994*o + 1995*o. What are the prime factors of g(-4)?
2, 3, 5
Let v(f) = -f + 11. Let d be v(9). Let p be 3 + 6/9 + d/6. Suppose -y = 2*b - 138, 5*y + p*b - 696 = -0*b. What are the prime factors of y?
2, 5, 7
Let h(q) = -2*q + 62*q**2 - 46 + 47 - 5*q**2. List the prime factors of h(5).
2, 3, 59
Let z(o) = 5*o**3 + 13*o**2 + 61*o - 587. List the prime factors of z(10).
6323
Let s = -1409 - -1412. Let f(h) = -59*h - 1. Let q be f(-3). Suppose 2*n - 2*u - q = 0, -2*u = -s*n - 83 + 345. What are the prime factors of n?
2, 43
Suppose -5*q - 783556 = 3*q - 70*q. List the prime factors of q.
2, 71, 89
Suppose 0 = -i + 4*i - 240. Suppose 5*p - 120 = -355. Let w = i + p. What are the prime factors of w?
3, 11
Suppose 2*k - 13558 = -5*n, 34*n - 39*n - 33825 = -5*k. List the prime factors of k.
7, 967
Let k(l) = 15*l**3 - 27*l**2 - 25*l**2 + 3 - 2*l + 47*l**2. What are the prime factors of k(3)?
3, 7, 17
Suppose 0 = 2*r + 4*g + 26 - 28, 2 = 2*r + 3*g. Suppose -2*f - 3 - 5 = 2*u, 0 = 5*u - f - 4. List the prime factors of (u - r) + -10 + 15.
2
Let x(n) = -3*n + 6. Let f(z) = -9*z + 12. Let d(c) = 4*f(c) - 9*x(c). What are the prime factors of d(-5)?
3, 13
Let q(g) = -g**3 - 23*g**2 + 48*g - 70. Let s be q(-25). What are the prime factors of 7910/50 - 16/s?
3, 53
Let b(q) = 2*q**3 + 42*q**2 - 107*q + 18.